{"id":9908,"date":"2020-08-12T10:18:29","date_gmt":"2020-08-12T13:18:29","guid":{"rendered":"https:\/\/www.diocesesaoluis.org.br\/home\/?page_id=9908"},"modified":"2020-08-12T10:18:31","modified_gmt":"2020-08-12T13:18:31","slug":"moderador-da-curia","status":"publish","type":"page","link":"https:\/\/www.diocesesaoluis.org.br\/home\/moderador-da-curia\/","title":{"rendered":"Moderador da C\u00faria"},"content":{"rendered":"\n<p><strong>MODERADOR: Pe. Wallison Rodrigues da Silva<\/strong><\/p>\n\n\n\n<p>O moderador da C\u00faria Diocesana tem a fun\u00e7\u00e3o de dire\u00e7\u00e3o direta dos funcion\u00e1rios que ocupam cargos na administra\u00e7\u00e3o diocesana.<\/p>\n\n\n\n<p>Conforme o direito can\u00f4nico, no canon 473 \u00a7 2, \u201conde for conveniente, pode ser nomeado um Moderador da c\u00faria, e a quem perten\u00e7a, sob a autoridade do Bispo, coordenar tudo o que se refere aos servi\u00e7os da parte administrativa, e procurar tamb\u00e9m que os demais membros da c\u00faria desempenhem convenientemente o of\u00edcio que lhes foi confiado\u201d.<\/p>\n","protected":false},"excerpt":{"rendered":"<p>MODERADOR: Pe. Wallison Rodrigues da Silva O moderador da C\u00faria Diocesana tem a fun\u00e7\u00e3o de dire\u00e7\u00e3o direta dos funcion\u00e1rios que ocupam cargos na administra\u00e7\u00e3o diocesana. Conforme o direito can\u00f4nico, no canon 473 \u00a7 2, \u201conde for conveniente, pode ser nomeado um Moderador da c\u00faria, e a quem perten\u00e7a, sob a autoridade do Bispo, coordenar tudo<span class=\"read-more arrow\"><a href=\"https:\/\/www.diocesesaoluis.org.br\/home\/moderador-da-curia\/\" title=\"Read More\">&rarr;<\/a><\/span><\/p>\n","protected":false},"author":2,"featured_media":0,"parent":0,"menu_order":0,"comment_status":"closed","ping_status":"closed","template":"","meta":{"ub_ctt_via":"","footnotes":""},"class_list":["post-9908","page","type-page","status-publish"],"featured_image_src":null,"_links":{"self":[{"href":"https:\/\/www.diocesesaoluis.org.br\/home\/wp-json\/wp\/v2\/pages\/9908","targetHints":{"allow":["GET"]}}],"collection":[{"href":"https:\/\/www.diocesesaoluis.org.br\/home\/wp-json\/wp\/v2\/pages"}],"about":[{"href":"https:\/\/www.diocesesaoluis.org.br\/home\/wp-json\/wp\/v2\/types\/page"}],"author":[{"embeddable":true,"href":"https:\/\/www.diocesesaoluis.org.br\/home\/wp-json\/wp\/v2\/users\/2"}],"replies":[{"embeddable":true,"href":"https:\/\/www.diocesesaoluis.org.br\/home\/wp-json\/wp\/v2\/comments?post=9908"}],"version-history":[{"count":1,"href":"https:\/\/www.diocesesaoluis.org.br\/home\/wp-json\/wp\/v2\/pages\/9908\/revisions"}],"predecessor-version":[{"id":9909,"href":"https:\/\/www.diocesesaoluis.org.br\/home\/wp-json\/wp\/v2\/pages\/9908\/revisions\/9909"}],"wp:attachment":[{"href":"https:\/\/www.diocesesaoluis.org.br\/home\/wp-json\/wp\/v2\/media?parent=9908"}],"curies":[{"name":"wp","href":"https:\/\/api.w.org\/{rel}","templated":true}]}}

Moderador da Cúria

<p><strong>MODERADOR: Pe. Wallison Rodrigues da Silva</strong></p>



<p>O moderador da Cúria Diocesana tem a função de direção direta dos funcionários que ocupam cargos na administração diocesana.</p>



<p>Conforme o direito canônico, no canon 473 § 2, “onde for conveniente, pode ser nomeado um Moderador da cúria, e a quem pertença, sob a autoridade do Bispo, coordenar tudo o que se refere aos serviços da parte administrativa, e procurar também que os demais membros da cúria desempenhem convenientemente o ofício que lhes foi confiado”.</p>

<p>MODERADOR: Pe. Wallison Rodrigues da Silva O moderador da Cúria Diocesana tem a função de direção direta dos funcionários que ocupam cargos na administração diocesana. Conforme o direito canônico, no canon 473 § 2, “onde for conveniente, pode ser nomeado um Moderador da cúria, e a quem pertença, sob a autoridade do Bispo, coordenar tudo<span class="read-more arrow"><a href="https://www.diocesesaoluis.org.br/home/moderador-da-curia/" title="Read More">&rarr;</a></span></p>
