{"id":16195,"date":"2023-03-28T08:32:59","date_gmt":"2023-03-28T11:32:59","guid":{"rendered":"https:\/\/www.diocesesaoluis.org.br\/home\/?page_id=16195"},"modified":"2023-12-21T15:11:23","modified_gmt":"2023-12-21T18:11:23","slug":"diaconos","status":"publish","type":"page","link":"https:\/\/www.diocesesaoluis.org.br\/home\/diaconos\/","title":{"rendered":"Di\u00e1conos"},"content":{"rendered":"[vc_row 0=&#8221;&#8221;][vc_column][vc_column_text 0=&#8221;&#8221;]\n<p style=\"text-align: center;\"><a href=\"https:\/\/www.diocesesaoluis.org.br\/home\/diaconos-permanentes\/\" target=\"_blank\" rel=\"noopener noreferrer\"><img loading=\"lazy\" decoding=\"async\" class=\"alignnone wp-image-9479\" src=\"http:\/\/www.diocesesaoluis.org.br\/home\/wp-content\/uploads\/2020\/05\/diaconos_permanentes-1-300x134.png\" alt=\"\" width=\"295\" height=\"132\" srcset=\"https:\/\/www.diocesesaoluis.org.br\/home\/wp-content\/uploads\/2020\/05\/diaconos_permanentes-1-300x134.png 300w, https:\/\/www.diocesesaoluis.org.br\/home\/wp-content\/uploads\/2020\/05\/diaconos_permanentes-1-150x67.png 150w, https:\/\/www.diocesesaoluis.org.br\/home\/wp-content\/uploads\/2020\/05\/diaconos_permanentes-1.png 386w\" sizes=\"auto, (max-width: 295px) 100vw, 295px\" \/><\/a> <a href=\"https:\/\/www.diocesesaoluis.org.br\/home\/diaconos-transitorios\/\" target=\"_blank\" rel=\"noopener noreferrer\"><img loading=\"lazy\" decoding=\"async\" class=\"alignnone wp-image-9480\" src=\"http:\/\/www.diocesesaoluis.org.br\/home\/wp-content\/uploads\/2020\/05\/diaconos_transitorios-1-300x135.png\" alt=\"\" width=\"291\" height=\"131\" srcset=\"https:\/\/www.diocesesaoluis.org.br\/home\/wp-content\/uploads\/2020\/05\/diaconos_transitorios-1-300x135.png 300w, https:\/\/www.diocesesaoluis.org.br\/home\/wp-content\/uploads\/2020\/05\/diaconos_transitorios-1-150x68.png 150w, https:\/\/www.diocesesaoluis.org.br\/home\/wp-content\/uploads\/2020\/05\/diaconos_transitorios-1.png 384w\" sizes=\"auto, (max-width: 291px) 100vw, 291px\" \/><\/a><\/p>\n<dl class=\"sc-accordions\"><dt class=\"sc-accordion-title active\"><a href=\"#\">Diaconato, sinal do amor da Igreja<\/a><\/dt><dd class=\"sc-accordion-pane active\">\n<p>Estamos antes do ano 40 da era crist\u00e3. No meio da comunidade primitiva, surge um grave problema de ordem social: as vi\u00favas est\u00e3o abandonadas e passam fome. Os Doze, conscientes de sua miss\u00e3o na liturgia e na prega\u00e7\u00e3o, sabem que a caridade n\u00e3o pode ser somente pregada, mas deve ser vivida.<\/p>\n<p>Por isso, instituem um grupo de homens s\u00e1bios e piedosos, que devem ser respons\u00e1veis por servir, cuidar e ajudar (no grego,\u00a0<em>diakon\u00e9o<\/em>) os que mais necessitam (At 6,1-6). Conhecemos bem a hist\u00f3ria de um desses primeiros di\u00e1conos: Santo Estev\u00e3o (At 6,8\u20137,60), que \u00e9 perseguido e mostra que sua inclina\u00e7\u00e3o para a caridade o leva a doar sua pr\u00f3pria vida pelo Evangelho.<\/p>\n<p>Esses homens s\u00e3o uma encantadora inspira\u00e7\u00e3o da Igreja primitiva, como sinal concreto do amor de Deus. S\u00e3o uma prova concreta de que a caridade corria no sangue e estava impressa na alma dos primeiros crist\u00e3os. Est\u00e3o t\u00e3o presentes nas primeiras comunidades, que, constantemente, aparecem nas cartas de Paulo, que chega a apresentar as qualidades e virtudes dos di\u00e1conos na Primeira carta a Tim\u00f3teo (1Tm 3,8-13).<\/p>\n<p>Santo In\u00e1cio de Antioquia reconhece a necessidade do diaconato no Per\u00edodo Apost\u00f3lico, dizendo que \u00e9 impens\u00e1vel uma Igreja particular sem bispo, presb\u00edtero e di\u00e1cono (Epist. ad Philadelphenses, 4). O trabalho incans\u00e1vel pela caridade \u00e9 uma marca da Igreja primitiva, impressa no trabalho do di\u00e1cono, que \u00e9 elencado junto com as outras duas fun\u00e7\u00f5es hier\u00e1rquicas. Logo, entende-se que, no sacramento da ordem, h\u00e1 tr\u00eas graus: o episcopado, o presbiterado e o diaconato.<\/p>\n<p>Depois do s\u00e9c. V, o diaconato, como trabalho permanente de caridade, vai sendo extinguido. Aos poucos, \u00e9 transformado somente em um passo anterior ao sacerd\u00f3cio, ou seja, antes da ordena\u00e7\u00e3o sacerdotal, o candidato tornava-se di\u00e1cono. Por\u00e9m, na renova\u00e7\u00e3o eclesial feita pelo Conc\u00edlio Vaticano II, o Esp\u00edrito inspira a Igreja a voltar a suas fontes b\u00edblicas e patr\u00edsticas. Ao revisitar a Igreja primitiva, o Vaticano II resgata o diaconato permanente em nossas comunidades, lembrando que \u00e9 parte fundamental da nossa a\u00e7\u00e3o comunit\u00e1ria!<\/p>\n<\/dd>\n<dt class=\"sc-accordion-title\"><a href=\"#\">O que faz um di\u00e1cono?<\/a><\/dt><dd class=\"sc-accordion-pane\">\n<p>Hoje, na ordena\u00e7\u00e3o do di\u00e1cono, ele pode ser j\u00e1 casado ou celibat\u00e1rio, condi\u00e7\u00e3o que deve manter depois de sua ordena\u00e7\u00e3o. Sua fun\u00e7\u00e3o \u00e9 auxiliar o bispo no servi\u00e7o da caridade, sendo tamb\u00e9m ele um cl\u00e9rigo (C\u00f3digo de Direito Can\u00f4nico, 266). \u00c9 da\u00ed que vem tamb\u00e9m sua fun\u00e7\u00e3o lit\u00fargica, pois recebe os dons da comunidade e oferece aos que mais necessitam, trazendo as necessidades deles para a ora\u00e7\u00e3o da assembleia. Seu minist\u00e9rio de caridade n\u00e3o \u00e9 assistencialismo, por isso tamb\u00e9m evangeliza pela prega\u00e7\u00e3o da Palavra.<\/p>\n<p>O que o Catecismo da Igreja Cat\u00f3lica ensina sobre as fun\u00e7\u00f5es do di\u00e1cono. Veja s\u00f3: \u201cCabe aos di\u00e1conos, entre outros servi\u00e7os, assistir o Bispo e os padres na celebra\u00e7\u00e3o dos divinos mist\u00e9rios, sobretudo a Eucaristia; distribuir a Comunh\u00e3o; assistir ao matrim\u00f4nio e aben\u00e7o\u00e1-lo, proclamar o Evangelho e pregar, presidir os funerais e consagrar-se aos diversos servi\u00e7os da caridade\u201d (Catecismo da Igreja Cat\u00f3lica, 1570).<\/p>\n<p>Diferente do sacerdote, n\u00e3o podem fazer a consagra\u00e7\u00e3o do p\u00e3o e do vinho, n\u00e3o absolvem os pecados nem administram a un\u00e7\u00e3o dos enfermos.<\/p>\n<p>\u00c9 comum encontrar os di\u00e1conos nas comunidades bem ocupados. Fazem o servi\u00e7o de caridade, est\u00e3o nas a\u00e7\u00f5es lit\u00fargicas da Igreja \u2013 at\u00e9 em Missas presididas pelo Papa, eles proclamam o Evangelho \u2013, presidem os sacramentais. Eles, continuamente, lembram a Igreja que o Reino de Deus \u00e9 formado por atitudes de amor concretas dentro das comunidades! Sem a caridade vivida, a evangeliza\u00e7\u00e3o torna-se discurso vazio.<\/p>\n<\/dd>\n<\/dl>[\/vc_column_text][\/vc_column][\/vc_row]\n","protected":false},"excerpt":{"rendered":"<p>[vc_row 0=&#8221;&#8221;][vc_column][vc_column_text 0=&#8221;&#8221;] [\/vc_column_text][\/vc_column][\/vc_row]<\/p>\n","protected":false},"author":2,"featured_media":0,"parent":0,"menu_order":0,"comment_status":"closed","ping_status":"closed","template":"","meta":{"ub_ctt_via":"","footnotes":""},"class_list":["post-16195","page","type-page","status-publish"],"featured_image_src":null,"_links":{"self":[{"href":"https:\/\/www.diocesesaoluis.org.br\/home\/wp-json\/wp\/v2\/pages\/16195","targetHints":{"allow":["GET"]}}],"collection":[{"href":"https:\/\/www.diocesesaoluis.org.br\/home\/wp-json\/wp\/v2\/pages"}],"about":[{"href":"https:\/\/www.diocesesaoluis.org.br\/home\/wp-json\/wp\/v2\/types\/page"}],"author":[{"embeddable":true,"href":"https:\/\/www.diocesesaoluis.org.br\/home\/wp-json\/wp\/v2\/users\/2"}],"replies":[{"embeddable":true,"href":"https:\/\/www.diocesesaoluis.org.br\/home\/wp-json\/wp\/v2\/comments?post=16195"}],"version-history":[{"count":6,"href":"https:\/\/www.diocesesaoluis.org.br\/home\/wp-json\/wp\/v2\/pages\/16195\/revisions"}],"predecessor-version":[{"id":17067,"href":"https:\/\/www.diocesesaoluis.org.br\/home\/wp-json\/wp\/v2\/pages\/16195\/revisions\/17067"}],"wp:attachment":[{"href":"https:\/\/www.diocesesaoluis.org.br\/home\/wp-json\/wp\/v2\/media?parent=16195"}],"curies":[{"name":"wp","href":"https:\/\/api.w.org\/{rel}","templated":true}]}}

Diáconos

[vc_row 0=&#8221;&#8221;][vc_column][vc_column_text 0=&#8221;&#8221;]
<p style="text-align: center;"><a href="https://www.diocesesaoluis.org.br/home/diaconos-permanentes/" target="_blank" rel="noopener noreferrer"><img loading="lazy" decoding="async" class="alignnone wp-image-9479" src="http://www.diocesesaoluis.org.br/home/wp-content/uploads/2020/05/diaconos_permanentes-1-300x134.png" alt="" width="295" height="132" srcset="https://www.diocesesaoluis.org.br/home/wp-content/uploads/2020/05/diaconos_permanentes-1-300x134.png 300w, https://www.diocesesaoluis.org.br/home/wp-content/uploads/2020/05/diaconos_permanentes-1-150x67.png 150w, https://www.diocesesaoluis.org.br/home/wp-content/uploads/2020/05/diaconos_permanentes-1.png 386w" sizes="auto, (max-width: 295px) 100vw, 295px" /></a> <a href="https://www.diocesesaoluis.org.br/home/diaconos-transitorios/" target="_blank" rel="noopener noreferrer"><img loading="lazy" decoding="async" class="alignnone wp-image-9480" src="http://www.diocesesaoluis.org.br/home/wp-content/uploads/2020/05/diaconos_transitorios-1-300x135.png" alt="" width="291" height="131" srcset="https://www.diocesesaoluis.org.br/home/wp-content/uploads/2020/05/diaconos_transitorios-1-300x135.png 300w, https://www.diocesesaoluis.org.br/home/wp-content/uploads/2020/05/diaconos_transitorios-1-150x68.png 150w, https://www.diocesesaoluis.org.br/home/wp-content/uploads/2020/05/diaconos_transitorios-1.png 384w" sizes="auto, (max-width: 291px) 100vw, 291px" /></a></p>
<dl class="sc-accordions"><dt class="sc-accordion-title active"><a href="#">Diaconato, sinal do amor da Igreja</a></dt><dd class="sc-accordion-pane active">
<p>Estamos antes do ano 40 da era cristã. No meio da comunidade primitiva, surge um grave problema de ordem social: as viúvas estão abandonadas e passam fome. Os Doze, conscientes de sua missão na liturgia e na pregação, sabem que a caridade não pode ser somente pregada, mas deve ser vivida.</p>
<p>Por isso, instituem um grupo de homens sábios e piedosos, que devem ser responsáveis por servir, cuidar e ajudar (no grego, <em>diakonéo</em>) os que mais necessitam (At 6,1-6). Conhecemos bem a história de um desses primeiros diáconos: Santo Estevão (At 6,8–7,60), que é perseguido e mostra que sua inclinação para a caridade o leva a doar sua própria vida pelo Evangelho.</p>
<p>Esses homens são uma encantadora inspiração da Igreja primitiva, como sinal concreto do amor de Deus. São uma prova concreta de que a caridade corria no sangue e estava impressa na alma dos primeiros cristãos. Estão tão presentes nas primeiras comunidades, que, constantemente, aparecem nas cartas de Paulo, que chega a apresentar as qualidades e virtudes dos diáconos na Primeira carta a Timóteo (1Tm 3,8-13).</p>
<p>Santo Inácio de Antioquia reconhece a necessidade do diaconato no Período Apostólico, dizendo que é impensável uma Igreja particular sem bispo, presbítero e diácono (Epist. ad Philadelphenses, 4). O trabalho incansável pela caridade é uma marca da Igreja primitiva, impressa no trabalho do diácono, que é elencado junto com as outras duas funções hierárquicas. Logo, entende-se que, no sacramento da ordem, há três graus: o episcopado, o presbiterado e o diaconato.</p>
<p>Depois do séc. V, o diaconato, como trabalho permanente de caridade, vai sendo extinguido. Aos poucos, é transformado somente em um passo anterior ao sacerdócio, ou seja, antes da ordenação sacerdotal, o candidato tornava-se diácono. Porém, na renovação eclesial feita pelo Concílio Vaticano II, o Espírito inspira a Igreja a voltar a suas fontes bíblicas e patrísticas. Ao revisitar a Igreja primitiva, o Vaticano II resgata o diaconato permanente em nossas comunidades, lembrando que é parte fundamental da nossa ação comunitária!</p>
</dd>
<dt class="sc-accordion-title"><a href="#">O que faz um diácono?</a></dt><dd class="sc-accordion-pane">
<p>Hoje, na ordenação do diácono, ele pode ser já casado ou celibatário, condição que deve manter depois de sua ordenação. Sua função é auxiliar o bispo no serviço da caridade, sendo também ele um clérigo (Código de Direito Canônico, 266). É daí que vem também sua função litúrgica, pois recebe os dons da comunidade e oferece aos que mais necessitam, trazendo as necessidades deles para a oração da assembleia. Seu ministério de caridade não é assistencialismo, por isso também evangeliza pela pregação da Palavra.</p>
<p>O que o Catecismo da Igreja Católica ensina sobre as funções do diácono. Veja só: “Cabe aos diáconos, entre outros serviços, assistir o Bispo e os padres na celebração dos divinos mistérios, sobretudo a Eucaristia; distribuir a Comunhão; assistir ao matrimônio e abençoá-lo, proclamar o Evangelho e pregar, presidir os funerais e consagrar-se aos diversos serviços da caridade” (Catecismo da Igreja Católica, 1570).</p>
<p>Diferente do sacerdote, não podem fazer a consagração do pão e do vinho, não absolvem os pecados nem administram a unção dos enfermos.</p>
<p>É comum encontrar os diáconos nas comunidades bem ocupados. Fazem o serviço de caridade, estão nas ações litúrgicas da Igreja – até em Missas presididas pelo Papa, eles proclamam o Evangelho –, presidem os sacramentais. Eles, continuamente, lembram a Igreja que o Reino de Deus é formado por atitudes de amor concretas dentro das comunidades! Sem a caridade vivida, a evangelização torna-se discurso vazio.</p>
</dd>
</dl>[/vc_column_text][/vc_column][/vc_row]
