{"id":16094,"date":"2023-03-08T08:52:41","date_gmt":"2023-03-08T11:52:41","guid":{"rendered":"https:\/\/www.diocesesaoluis.org.br\/home\/?page_id=16094"},"modified":"2024-08-23T11:46:16","modified_gmt":"2024-08-23T14:46:16","slug":"pe-geraldo-pereira-neto","status":"publish","type":"page","link":"https:\/\/www.diocesesaoluis.org.br\/home\/pe-geraldo-pereira-neto\/","title":{"rendered":"Pe. Geraldo Pereira Neto"},"content":{"rendered":"[vc_row 0=&#8221;&#8221;][vc_column][vc_column_text 0=&#8221;&#8221;]\n<p><img loading=\"lazy\" decoding=\"async\" class=\"alignleft wp-image-9188 size-medium\" src=\"http:\/\/www.diocesesaoluis.org.br\/home\/wp-content\/uploads\/2020\/05\/Padre-Geraldo-200x300.jpg\" alt=\"\" width=\"200\" height=\"300\" srcset=\"https:\/\/www.diocesesaoluis.org.br\/home\/wp-content\/uploads\/2020\/05\/Padre-Geraldo-200x300.jpg 200w, https:\/\/www.diocesesaoluis.org.br\/home\/wp-content\/uploads\/2020\/05\/Padre-Geraldo-682x1024.jpg 682w, https:\/\/www.diocesesaoluis.org.br\/home\/wp-content\/uploads\/2020\/05\/Padre-Geraldo-100x150.jpg 100w, https:\/\/www.diocesesaoluis.org.br\/home\/wp-content\/uploads\/2020\/05\/Padre-Geraldo-768x1152.jpg 768w, https:\/\/www.diocesesaoluis.org.br\/home\/wp-content\/uploads\/2020\/05\/Padre-Geraldo.jpg 853w\" sizes=\"auto, (max-width: 200px) 100vw, 200px\" \/><\/p>\n<p style=\"text-align: center;\"><strong>FUN\u00c7\u00c3O ATUAL: P\u00e1roco<\/strong><br \/>\n<strong>Par\u00f3quia S\u00e3o Paulo VI &#8211; Ipor\u00e1<br \/>\nAdm. paroquial da Par\u00f3quia Nossa Senhora da Piedade &#8211; Diorama<\/strong><\/p>\n<p>Naturalidade: S\u00e3o Lu\u00eds de Montes Belos-GO<br \/>\nNascimento: 17\/09<br \/>\nOrd. Diaconal: 03\/09\/2017<br \/>\nOrd. Sacerdotal: 17\/03\/2018<br \/>\nPai: Vilmar Jos\u00e9<br \/>\nM\u00e3e: Ana L\u00facia<br \/>\n[\/vc_column_text][\/vc_column][\/vc_row]\n[vc_row][vc_column 0=&#8221;&#8221;][vc_column_text]<div class=\"sc-tabs-wrap\"><ul class=\"sc-tabs\"><li class=\"active\"><a href=\"#\" data-id=\"1\">Forma\u00e7\u00e3o<\/a><\/li><li><a href=\"#\" data-id=\"2\">Minist\u00e9rios<\/a><\/li><li><a href=\"#\" data-id=\"3\">Servi\u00e7os Pastorais<\/a><\/li><\/ul><ul class=\"sc-tabs-panes\"><li id=\"sc-pane-1\" class=\"active\">\n<p>Filosofia<br \/>\nInstitui\u00e7\u00e3o: Instituto de Filosofia e Teologia Mater Ecclesiae<\/p>\n<p>Teologia<br \/>\nInstitui\u00e7\u00e3o: Instituto Santa Cruz<br \/>\n<\/li>\n<li id=\"sc-pane-2\">\nLeitorato: 2015<br \/>\nAcolitato: 2017<br \/>\nDiaconato: 03\/09\/2017<br \/>\nPresbiterato: 17\/03\/2018<br \/>\nPresidente da Celebra\u00e7\u00e3o: Dom Carmelo Scampa<br \/>\nLocal: Catedral S\u00e3o Luiz Gonzaga<\/p>\n<\/li>\n<li id=\"sc-pane-3\">\nFun\u00e7\u00e3o: P\u00e1roco<br \/>\nData: 2018-2024<br \/>\nLocal: Par\u00f3quia Menino Jesus &#8211; Para\u00fana<\/p>\n<p>Fun\u00e7\u00e3o: Adm. paroquial<br \/>\nData: 2018-2024<br \/>\nLocal: Par\u00f3quia S\u00e3o Jo\u00e3o Batista &#8211; S\u00e3o Jo\u00e3o da Para\u00fana<br \/>\n<\/li><\/ul><\/div>[\/vc_column_text][\/vc_column][\/vc_row]\n","protected":false},"excerpt":{"rendered":"<p>[vc_row 0=&#8221;&#8221;][vc_column][vc_column_text 0=&#8221;&#8221;] FUN\u00c7\u00c3O ATUAL: P\u00e1roco Par\u00f3quia S\u00e3o Paulo VI &#8211; Ipor\u00e1 Adm. paroquial da Par\u00f3quia Nossa Senhora da Piedade &#8211; Diorama Naturalidade: S\u00e3o Lu\u00eds de Montes Belos-GO Nascimento: 17\/09 Ord. Diaconal: 03\/09\/2017 Ord. Sacerdotal: 17\/03\/2018 Pai: Vilmar Jos\u00e9 M\u00e3e: Ana L\u00facia [\/vc_column_text][\/vc_column][\/vc_row] [vc_row][vc_column 0=&#8221;&#8221;][vc_column_text][\/vc_column_text][\/vc_column][\/vc_row]<\/p>\n","protected":false},"author":2,"featured_media":0,"parent":0,"menu_order":0,"comment_status":"closed","ping_status":"closed","template":"","meta":{"ub_ctt_via":"","footnotes":""},"class_list":["post-16094","page","type-page","status-publish"],"featured_image_src":null,"_links":{"self":[{"href":"https:\/\/www.diocesesaoluis.org.br\/home\/wp-json\/wp\/v2\/pages\/16094","targetHints":{"allow":["GET"]}}],"collection":[{"href":"https:\/\/www.diocesesaoluis.org.br\/home\/wp-json\/wp\/v2\/pages"}],"about":[{"href":"https:\/\/www.diocesesaoluis.org.br\/home\/wp-json\/wp\/v2\/types\/page"}],"author":[{"embeddable":true,"href":"https:\/\/www.diocesesaoluis.org.br\/home\/wp-json\/wp\/v2\/users\/2"}],"replies":[{"embeddable":true,"href":"https:\/\/www.diocesesaoluis.org.br\/home\/wp-json\/wp\/v2\/comments?post=16094"}],"version-history":[{"count":2,"href":"https:\/\/www.diocesesaoluis.org.br\/home\/wp-json\/wp\/v2\/pages\/16094\/revisions"}],"predecessor-version":[{"id":17809,"href":"https:\/\/www.diocesesaoluis.org.br\/home\/wp-json\/wp\/v2\/pages\/16094\/revisions\/17809"}],"wp:attachment":[{"href":"https:\/\/www.diocesesaoluis.org.br\/home\/wp-json\/wp\/v2\/media?parent=16094"}],"curies":[{"name":"wp","href":"https:\/\/api.w.org\/{rel}","templated":true}]}}