{"id":16087,"date":"2023-03-08T08:45:56","date_gmt":"2023-03-08T11:45:56","guid":{"rendered":"https:\/\/www.diocesesaoluis.org.br\/home\/?page_id=16087"},"modified":"2023-08-05T10:48:34","modified_gmt":"2023-08-05T13:48:34","slug":"pe-eduardo-farias-de-morais","status":"publish","type":"page","link":"https:\/\/www.diocesesaoluis.org.br\/home\/pe-eduardo-farias-de-morais\/","title":{"rendered":"Pe. Eduardo Farias de Morais"},"content":{"rendered":"[vc_row 0=&#8221;&#8221;][vc_column][vc_column_text 0=&#8221;&#8221;]\n<p style=\"text-align: center;\"><strong><img loading=\"lazy\" decoding=\"async\" class=\"alignleft wp-image-12548 size-medium\" src=\"https:\/\/www.diocesesaoluis.org.br\/home\/wp-content\/uploads\/2021\/07\/IMG-20210625-WA0002-e1625232862519-300x292.jpg\" alt=\"\" width=\"300\" height=\"292\" srcset=\"https:\/\/www.diocesesaoluis.org.br\/home\/wp-content\/uploads\/2021\/07\/IMG-20210625-WA0002-e1625232862519-300x292.jpg 300w, https:\/\/www.diocesesaoluis.org.br\/home\/wp-content\/uploads\/2021\/07\/IMG-20210625-WA0002-e1625232862519-150x146.jpg 150w, https:\/\/www.diocesesaoluis.org.br\/home\/wp-content\/uploads\/2021\/07\/IMG-20210625-WA0002-e1625232862519.jpg 768w\" sizes=\"auto, (max-width: 300px) 100vw, 300px\" \/>FUN\u00c7\u00c3O ATUAL:\u00a0 Reitor do Semin\u00e1rio Maior S\u00e3o Lu\u00eds Gonzaga<\/strong><\/p>\n<p>Naturalidade: Montes Claros de Goi\u00e1s<br \/>\nNascimento: 12\/01<br \/>\nOrd. Diaconal: 17\/12\/2016<br \/>\nOrd. Presbiteral: 01\/07\/2017<br \/>\n[\/vc_column_text][\/vc_column][\/vc_row]\n[vc_row][vc_column 0=&#8221;&#8221;][vc_column_text]<div class=\"sc-tabs-wrap\"><ul class=\"sc-tabs\"><li class=\"active\"><a href=\"#\" data-id=\"1\">Forma\u00e7\u00e3o<\/a><\/li><li><a href=\"#\" data-id=\"2\">Minist\u00e9rios<\/a><\/li><li><a href=\"#\" data-id=\"3\">Servi\u00e7os Pastorais<\/a><\/li><\/ul><ul class=\"sc-tabs-panes\"><li id=\"sc-pane-1\" class=\"active\">\n<p>Filosofia<br \/>\nInstitui\u00e7\u00e3o: Instituto Santa Cruz<\/p>\n<p>Teologia<br \/>\nInstitui\u00e7\u00e3o: PUC-Goi\u00e1s<\/p>\n<p>Mestrado em Espiritualidade<br \/>\nInstitui\u00e7\u00e3o: Pontif\u00edcio Instituto de Espiritualidade Teresianum &#8211; Roma<br \/>\n<\/li>\n<li id=\"sc-pane-2\">\nLeitorato: 2014<br \/>\nAcolitato: 2015<br \/>\nDiaconato: 17\/12\/2016<br \/>\nPresbiterato: 01\/07\/2017<br \/>\nPresidente da Celebra\u00e7\u00e3o: Dom Carmelo Scampa<br \/>\nLocal: Montes Claros de Goi\u00e1s<\/p>\n<\/li>\n<li id=\"sc-pane-3\">\nFun\u00e7\u00e3o: Formador<br \/>\nData: 2017-2018<br \/>\nLocal: Semin\u00e1rio Maior S\u00e3o Lu\u00eds Gonzaga<\/p>\n<p>Fun\u00e7\u00e3o: Reitor<br \/>\nData: 2018-2021<br \/>\nLocal: Semin\u00e1rio Menor M\u00e3e da Santa Esperan\u00e7a<\/p>\n<p>Fun\u00e7\u00e3o: P\u00e1roco<br \/>\nData: 2018-2020<br \/>\nLocal: Par\u00f3quia Santa Luzia (Auril\u00e2ndia)<\/p>\n<p>Fun\u00e7\u00e3o: P\u00e1roco<br \/>\nData: 2020-2021<br \/>\nLocal: Par\u00f3quia Nossa Senhora Aparecida (S\u00e3o Lu\u00eds de Montes Belos)<br \/>\n<\/li><\/ul><\/div>[\/vc_column_text][\/vc_column][\/vc_row]\n","protected":false},"excerpt":{"rendered":"<p>[vc_row 0=&#8221;&#8221;][vc_column][vc_column_text 0=&#8221;&#8221;] FUN\u00c7\u00c3O ATUAL:\u00a0 Reitor do Semin\u00e1rio Maior S\u00e3o Lu\u00eds Gonzaga Naturalidade: Montes Claros de Goi\u00e1s Nascimento: 12\/01 Ord. Diaconal: 17\/12\/2016 Ord. Presbiteral: 01\/07\/2017 [\/vc_column_text][\/vc_column][\/vc_row] [vc_row][vc_column 0=&#8221;&#8221;][vc_column_text][\/vc_column_text][\/vc_column][\/vc_row]<\/p>\n","protected":false},"author":2,"featured_media":0,"parent":0,"menu_order":0,"comment_status":"closed","ping_status":"closed","template":"","meta":{"ub_ctt_via":"","footnotes":""},"class_list":["post-16087","page","type-page","status-publish"],"featured_image_src":null,"_links":{"self":[{"href":"https:\/\/www.diocesesaoluis.org.br\/home\/wp-json\/wp\/v2\/pages\/16087","targetHints":{"allow":["GET"]}}],"collection":[{"href":"https:\/\/www.diocesesaoluis.org.br\/home\/wp-json\/wp\/v2\/pages"}],"about":[{"href":"https:\/\/www.diocesesaoluis.org.br\/home\/wp-json\/wp\/v2\/types\/page"}],"author":[{"embeddable":true,"href":"https:\/\/www.diocesesaoluis.org.br\/home\/wp-json\/wp\/v2\/users\/2"}],"replies":[{"embeddable":true,"href":"https:\/\/www.diocesesaoluis.org.br\/home\/wp-json\/wp\/v2\/comments?post=16087"}],"version-history":[{"count":3,"href":"https:\/\/www.diocesesaoluis.org.br\/home\/wp-json\/wp\/v2\/pages\/16087\/revisions"}],"predecessor-version":[{"id":16731,"href":"https:\/\/www.diocesesaoluis.org.br\/home\/wp-json\/wp\/v2\/pages\/16087\/revisions\/16731"}],"wp:attachment":[{"href":"https:\/\/www.diocesesaoluis.org.br\/home\/wp-json\/wp\/v2\/media?parent=16087"}],"curies":[{"name":"wp","href":"https:\/\/api.w.org\/{rel}","templated":true}]}}