{"id":15999,"date":"2023-03-06T09:51:29","date_gmt":"2023-03-06T12:51:29","guid":{"rendered":"https:\/\/www.diocesesaoluis.org.br\/home\/?page_id=15999"},"modified":"2026-01-01T15:54:54","modified_gmt":"2026-01-01T18:54:54","slug":"paroquia-sao-joao-batista-sao-joao-da-parauna","status":"publish","type":"page","link":"https:\/\/www.diocesesaoluis.org.br\/home\/paroquia-sao-joao-batista-sao-joao-da-parauna\/","title":{"rendered":"Par\u00f3quia S\u00e3o Jo\u00e3o Batista &#8211; S\u00e3o Jo\u00e3o da Para\u00fana"},"content":{"rendered":"[vc_row 0=&#8221;&#8221;][vc_column][vc_column_text 0=&#8221;&#8221;]<div class=\"sc-tabs-wrap\"><ul class=\"sc-tabs\"><li class=\"active\"><a href=\"#\" data-id=\"1\">Dados da par\u00f3quia<\/a><\/li><li><a href=\"#\" data-id=\"2\">Administra\u00e7\u00e3o<\/a><\/li><li><a href=\"#\" data-id=\"3\">Casa Paroquial<\/a><\/li><li><a href=\"#\" data-id=\"4\">Secretaria<\/a><\/li><\/ul><ul class=\"sc-tabs-panes\"><li id=\"sc-pane-1\" class=\"active\"><p>Data da Funda\u00e7\u00e3o: 03\/06\/1995<br \/>\nCNPJ: 01.226.927\/0027-46<br \/>\nPopula\u00e7\u00e3o: 1.571 hab.<br \/>\nDist\u00e2ncia da sede: 45 km<br \/>\n<\/li>\n<li id=\"sc-pane-2\">\n<p><strong>ADMINISTRADOR PAROQUIAL<\/strong><br \/>\nPe. Marcus Vin\u00edcius Alves Santiago<\/p>\n<\/li>\n<li id=\"sc-pane-3\">\n<\/li>\n<li id=\"sc-pane-4\">\n<p>Pra\u00e7a Matriz &#8211; Centro (ao lado da Igreja)<br \/>\nTel.: (64) 3560-1123<br \/>\nE-mail: paroquia_sjb@hotmail.com<br \/>\n<\/li><\/ul><\/div>\n<div class=\"sc-tabs-wrap\"><ul class=\"sc-tabs\"><li class=\"active\"><a href=\"#\" data-id=\"1\">ADMINISTRA\u00c7\u00d5ES ANTERIORES<\/a><\/li><li><a href=\"#\" data-id=\"2\">COMUNIDADES URBANAS<\/a><\/li><li><a href=\"#\" data-id=\"3\">COMUNIDADES RURAIS<\/a><\/li><\/ul><ul class=\"sc-tabs-panes\"><li id=\"sc-pane-1\" class=\"active\"><p>1994 a 1998 \u2013 Irm\u00e3 Zenir Terezinha Varela<br \/>\n1998 a 2002 \u2013 Irm\u00e3 Leontina Vitalino<br \/>\n1999 a 2001 \u2013 Irm\u00e3 Leticia Honorato<br \/>\n1998 a 2003 \u2013 Irm\u00e3 Libera Tassi<br \/>\n2003 \u2013 Pe. Jovino<br \/>\n2003 \u2013 Di\u00e1cono Carlos Alberto<br \/>\n2004 \u2013 Pe. Maur\u00edzio Germiniasi<br \/>\n2005 a 2008 \u2013 Pe. Jos\u00e9 Moreira<br \/>\n2008 \u2013 2017 \u2013 Pe. Daniel da Costa Ataides<br \/>\n2018 a 2024 &#8211; Pe. Geraldo Pereira Neto<br \/>\n2024 a 2025 &#8211; Pe. Pablo Henrique de Faria<br \/>\n<\/li>\n<li id=\"sc-pane-2\">\n<\/li>\n<li id=\"sc-pane-3\">\n<p><strong>Nossa Senhora Aparecida<\/strong><br \/>\nGrota Seca<br \/>\n<\/li><\/ul><\/div>[\/vc_column_text][\/vc_column][\/vc_row]\n","protected":false},"excerpt":{"rendered":"<p>[vc_row 0=&#8221;&#8221;][vc_column][vc_column_text 0=&#8221;&#8221;] [\/vc_column_text][\/vc_column][\/vc_row]<\/p>\n","protected":false},"author":2,"featured_media":8661,"parent":0,"menu_order":0,"comment_status":"closed","ping_status":"closed","template":"","meta":{"ub_ctt_via":"","footnotes":""},"class_list":["post-15999","page","type-page","status-publish","has-post-thumbnail"],"featured_image_src":"https:\/\/www.diocesesaoluis.org.br\/home\/wp-content\/uploads\/2020\/05\/IGREJA-S\u00c3O-JO\u00c3O-DA-PARAUNA-575x1024-1.jpg","_links":{"self":[{"href":"https:\/\/www.diocesesaoluis.org.br\/home\/wp-json\/wp\/v2\/pages\/15999","targetHints":{"allow":["GET"]}}],"collection":[{"href":"https:\/\/www.diocesesaoluis.org.br\/home\/wp-json\/wp\/v2\/pages"}],"about":[{"href":"https:\/\/www.diocesesaoluis.org.br\/home\/wp-json\/wp\/v2\/types\/page"}],"author":[{"embeddable":true,"href":"https:\/\/www.diocesesaoluis.org.br\/home\/wp-json\/wp\/v2\/users\/2"}],"replies":[{"embeddable":true,"href":"https:\/\/www.diocesesaoluis.org.br\/home\/wp-json\/wp\/v2\/comments?post=15999"}],"version-history":[{"count":4,"href":"https:\/\/www.diocesesaoluis.org.br\/home\/wp-json\/wp\/v2\/pages\/15999\/revisions"}],"predecessor-version":[{"id":18742,"href":"https:\/\/www.diocesesaoluis.org.br\/home\/wp-json\/wp\/v2\/pages\/15999\/revisions\/18742"}],"wp:featuredmedia":[{"embeddable":true,"href":"https:\/\/www.diocesesaoluis.org.br\/home\/wp-json\/wp\/v2\/media\/8661"}],"wp:attachment":[{"href":"https:\/\/www.diocesesaoluis.org.br\/home\/wp-json\/wp\/v2\/media?parent=15999"}],"curies":[{"name":"wp","href":"https:\/\/api.w.org\/{rel}","templated":true}]}}

Paróquia São João Batista &#8211; São João da Paraúna

[vc_row 0=&#8221;&#8221;][vc_column][vc_column_text 0=&#8221;&#8221;]<div class="sc-tabs-wrap"><ul class="sc-tabs"><li class="active"><a href="#" data-id="1">Dados da paróquia</a></li><li><a href="#" data-id="2">Administração</a></li><li><a href="#" data-id="3">Casa Paroquial</a></li><li><a href="#" data-id="4">Secretaria</a></li></ul><ul class="sc-tabs-panes"><li id="sc-pane-1" class="active"><p>Data da Fundação: 03/06/1995<br />
CNPJ: 01.226.927/0027-46<br />
População: 1.571 hab.<br />
Distância da sede: 45 km<br />
</li>
<li id="sc-pane-2">
<p><strong>ADMINISTRADOR PAROQUIAL</strong><br />
Pe. Marcus Vinícius Alves Santiago</p>
</li>
<li id="sc-pane-3">
</li>
<li id="sc-pane-4">
<p>Praça Matriz &#8211; Centro (ao lado da Igreja)<br />
Tel.: (64) 3560-1123<br />
E-mail: paroquia_sjb@hotmail.com<br />
</li></ul></div>
<div class="sc-tabs-wrap"><ul class="sc-tabs"><li class="active"><a href="#" data-id="1">ADMINISTRAÇÕES ANTERIORES</a></li><li><a href="#" data-id="2">COMUNIDADES URBANAS</a></li><li><a href="#" data-id="3">COMUNIDADES RURAIS</a></li></ul><ul class="sc-tabs-panes"><li id="sc-pane-1" class="active"><p>1994 a 1998 – Irmã Zenir Terezinha Varela<br />
1998 a 2002 – Irmã Leontina Vitalino<br />
1999 a 2001 – Irmã Leticia Honorato<br />
1998 a 2003 – Irmã Libera Tassi<br />
2003 – Pe. Jovino<br />
2003 – Diácono Carlos Alberto<br />
2004 – Pe. Maurízio Germiniasi<br />
2005 a 2008 – Pe. José Moreira<br />
2008 – 2017 – Pe. Daniel da Costa Ataides<br />
2018 a 2024 &#8211; Pe. Geraldo Pereira Neto<br />
2024 a 2025 &#8211; Pe. Pablo Henrique de Faria<br />
</li>
<li id="sc-pane-2">
</li>
<li id="sc-pane-3">
<p><strong>Nossa Senhora Aparecida</strong><br />
Grota Seca<br />
</li></ul></div>[/vc_column_text][/vc_column][/vc_row]

https://www.diocesesaoluis.org.br/home/wp-content/uploads/2020/05/IGREJA-SÃO-JOÃO-DA-PARAUNA-575x1024-1.jpg
