{"id":15935,"date":"2023-03-06T08:05:40","date_gmt":"2023-03-06T11:05:40","guid":{"rendered":"https:\/\/www.diocesesaoluis.org.br\/home\/?page_id=15935"},"modified":"2024-05-13T20:56:53","modified_gmt":"2024-05-13T23:56:53","slug":"paroquia-nossa-senhora-da-conceicao-nazario","status":"publish","type":"page","link":"https:\/\/www.diocesesaoluis.org.br\/home\/paroquia-nossa-senhora-da-conceicao-nazario\/","title":{"rendered":"Par\u00f3quia Nossa Senhora da Concei\u00e7\u00e3o &#8211; Naz\u00e1rio"},"content":{"rendered":"[vc_row 0=&#8221;&#8221;][vc_column][vc_column_text 0=&#8221;&#8221;]<div class=\"sc-tabs-wrap\"><ul class=\"sc-tabs\"><li class=\"active\"><a href=\"#\" data-id=\"1\">Dados da par\u00f3quia<\/a><\/li><li><a href=\"#\" data-id=\"2\">Administra\u00e7\u00e3o<\/a><\/li><li><a href=\"#\" data-id=\"3\">Casa Paroquial<\/a><\/li><li><a href=\"#\" data-id=\"4\">Secretaria<\/a><\/li><\/ul><ul class=\"sc-tabs-panes\"><li id=\"sc-pane-1\" class=\"active\"><p>Data da Funda\u00e7\u00e3o: 20\/07\/1966<br \/>\nCNPJ: 01.226.927\/0011-89<br \/>\nPopula\u00e7\u00e3o: 8.747 hab.<br \/>\nDist\u00e2ncia da sede: 57,7 km<br \/>\n<\/li>\n<li id=\"sc-pane-2\">\n<p><strong>P\u00c1ROCO:<\/strong><br \/>\nPe. Paulo Ricardo Moreira Vivaldo<\/p>\n<\/li>\n<li id=\"sc-pane-3\">\n<p>Rua 6, Qd. 6, Lt. 31, n\u00ba 39 \u2013 Centro<br \/>\nCEP: 76.180-000<\/p>\n<\/li>\n<li id=\"sc-pane-4\">\n<p>Pra\u00e7a da Matriz, s\/n\u00ba \u2013 Centro<br \/>\nTel.: (64)99602-0091<br \/>\nE-mail: paroquiadenazario@hotmail.com<br \/>\n<\/li><\/ul><\/div>\n<div class=\"sc-tabs-wrap\"><ul class=\"sc-tabs\"><li class=\"active\"><a href=\"#\" data-id=\"1\">ADMINISTRA\u00c7\u00d5ES ANTERIORES<\/a><\/li><li><a href=\"#\" data-id=\"2\">COMUNIDADES URBANAS<\/a><\/li><li><a href=\"#\" data-id=\"3\">COMUNIDADES RURAIS<\/a><\/li><li><a href=\"#\" data-id=\"4\">DI\u00c1CONO PERMANENTE<\/a><\/li><\/ul><ul class=\"sc-tabs-panes\"><li id=\"sc-pane-1\" class=\"active\"><p>1963 a 1980 \u2013 Pe. Ant\u00f4nio Regenmortel<br \/>\n1980 a 1993 \u2013 Pe. Jo\u00e3o de Vaal<br \/>\n1993 a 1999 \u2013 Pe. S\u00edlvio<br \/>\n1999 \u2013 Pe. Carlos Arantes<br \/>\n1999 a 2009 \u2013 Pe. Mathias<br \/>\n2010 a 2012 \u2013 Pe. Jos\u00e9 Moreira de Sousa<br \/>\n2012 \u2013 2016 \u2013 Pe. L\u00e1zaro Tadeu<br \/>\n2016 \u2013 2018 \u2013 Pe. Joaquim Gon\u00e7alves de Morais<br \/>\n2018 &#8211; 2021 &#8211; Pe. M\u00e1rcio Jean da Silva<br \/>\n<\/li>\n<li id=\"sc-pane-2\">\n<p><strong>Capela S\u00e3o Francisco de Assis<\/strong><br \/>\nRua Joaquim Eugenio, pc-1471,<br \/>\nSetor Morada Nova<\/p>\n<p><strong>Capela S\u00e3o Pedro e S\u00e3o Paulo<\/strong><br \/>\nRua 1, Qd. 3, Lt. 0, s\/n\u00ba<br \/>\nConjunto Pomares<br \/>\n<\/li>\n<li id=\"sc-pane-3\">\n<p><strong>Capela Nossa Senhora Aparecida<br \/>\n<\/strong><br \/>\n<strong>Capela S\u00e3o Vicente de Paulo<\/strong><br \/>\nRua S\u00e3o Vicente de Paulo, s\/n\u00ba,<br \/>\nDistrito de Poncion\u00e1rio<\/p>\n<p><strong>Capela Santa Ana<\/strong><br \/>\nDistrito de Claudin\u00e1polis<br \/>\n<\/li>\n<li id=\"sc-pane-4\">\n<p><strong>Di\u00e1cono Renato Ferreira<\/strong><\/p>\n<\/li><\/ul><\/div>[\/vc_column_text][\/vc_column][\/vc_row]\n","protected":false},"excerpt":{"rendered":"<p>[vc_row 0=&#8221;&#8221;][vc_column][vc_column_text 0=&#8221;&#8221;] [\/vc_column_text][\/vc_column][\/vc_row]<\/p>\n","protected":false},"author":2,"featured_media":15985,"parent":0,"menu_order":0,"comment_status":"closed","ping_status":"closed","template":"","meta":{"ub_ctt_via":"","footnotes":""},"class_list":["post-15935","page","type-page","status-publish","has-post-thumbnail"],"featured_image_src":"https:\/\/www.diocesesaoluis.org.br\/home\/wp-content\/uploads\/2023\/03\/20230306_090048-scaled.jpg","_links":{"self":[{"href":"https:\/\/www.diocesesaoluis.org.br\/home\/wp-json\/wp\/v2\/pages\/15935","targetHints":{"allow":["GET"]}}],"collection":[{"href":"https:\/\/www.diocesesaoluis.org.br\/home\/wp-json\/wp\/v2\/pages"}],"about":[{"href":"https:\/\/www.diocesesaoluis.org.br\/home\/wp-json\/wp\/v2\/types\/page"}],"author":[{"embeddable":true,"href":"https:\/\/www.diocesesaoluis.org.br\/home\/wp-json\/wp\/v2\/users\/2"}],"replies":[{"embeddable":true,"href":"https:\/\/www.diocesesaoluis.org.br\/home\/wp-json\/wp\/v2\/comments?post=15935"}],"version-history":[{"count":4,"href":"https:\/\/www.diocesesaoluis.org.br\/home\/wp-json\/wp\/v2\/pages\/15935\/revisions"}],"predecessor-version":[{"id":17443,"href":"https:\/\/www.diocesesaoluis.org.br\/home\/wp-json\/wp\/v2\/pages\/15935\/revisions\/17443"}],"wp:featuredmedia":[{"embeddable":true,"href":"https:\/\/www.diocesesaoluis.org.br\/home\/wp-json\/wp\/v2\/media\/15985"}],"wp:attachment":[{"href":"https:\/\/www.diocesesaoluis.org.br\/home\/wp-json\/wp\/v2\/media?parent=15935"}],"curies":[{"name":"wp","href":"https:\/\/api.w.org\/{rel}","templated":true}]}}