{"id":15875,"date":"2023-03-01T08:00:23","date_gmt":"2023-03-01T11:00:23","guid":{"rendered":"https:\/\/www.diocesesaoluis.org.br\/home\/?page_id=15875"},"modified":"2023-03-01T08:14:02","modified_gmt":"2023-03-01T11:14:02","slug":"catedral-sao-luis-gonzaga-sao-luis-de-montes-belos","status":"publish","type":"page","link":"https:\/\/www.diocesesaoluis.org.br\/home\/catedral-sao-luis-gonzaga-sao-luis-de-montes-belos\/","title":{"rendered":"Catedral S\u00e3o Lu\u00eds Gonzaga &#8211; S\u00e3o Lu\u00eds de Montes Belos"},"content":{"rendered":"<p style=\"text-align: left;\">[vc_row 0=&#8221;&#8221;][vc_column][vc_column_text 0=&#8221;&#8221;]<div class=\"sc-tabs-wrap\"><ul class=\"sc-tabs\"><li class=\"active\"><a href=\"#\" data-id=\"1\">Dados da par\u00f3quia<\/a><\/li><li><a href=\"#\" data-id=\"2\">Administra\u00e7\u00e3o<\/a><\/li><li><a href=\"#\" data-id=\"3\">Casa Paroquial<\/a><\/li><li><a href=\"#\" data-id=\"4\">Secretaria<\/a><\/li><\/ul><ul class=\"sc-tabs-panes\"><li id=\"sc-pane-1\" class=\"active\"><p>Data da Funda\u00e7\u00e3o: 07\/02\/1962<br \/>\nCNPJ: 01.226.927\/0014-21<br \/>\nPopula\u00e7\u00e3o: 16.404 hab.<br \/>\n(Par\u00f3quia Catedral)<br \/>\n<\/li>\n<li id=\"sc-pane-2\">\n<p><strong>P\u00c1ROCO<\/strong><br \/>\nPe. Ozaine Cardoso Vilela<\/p>\n<\/li>\n<li id=\"sc-pane-3\">\n<p>Rua Jabaquara, 537<br \/>\nCx. Postal 81<br \/>\nCEP: 76.100-000<br \/>\nS\u00e3o Lu\u00eds de Montes Belos-GO<br \/>\n<\/li>\n<li id=\"sc-pane-4\">\n<p>Rua Jabaquara \u2013 537 \u2013 Centro<br \/>\nCEP: 76.100-000<br \/>\nS\u00e3o Lu\u00eds de Montes Belos-GO<br \/>\nCx. Postal 81<br \/>\nTels.: (64) 3671-1435 \/ 3601-2205<br \/>\nE-mail: pslgonzaga@hotmail.com<br \/>\n<\/li><\/ul><\/div>\n<div class=\"sc-tabs-wrap\"><ul class=\"sc-tabs\"><li class=\"active\"><a href=\"#\" data-id=\"1\">ADMINISTRA\u00c7\u00d5ES ANTERIORES<\/a><\/li><li><a href=\"#\" data-id=\"2\">COMUNIDADES URBANAS<\/a><\/li><li><a href=\"#\" data-id=\"3\">COMUNIDADES RURAIS<\/a><\/li><\/ul><ul class=\"sc-tabs-panes\"><li id=\"sc-pane-1\" class=\"active\">\n<p>1948 a 1959 \u2013 Pe. Jos\u00e9 Sebasti\u00e3o<br \/>\n1956 a 1957 \u2013 Pe. Alberto Mendes<br \/>\n1960 a 1962 \u2013 Monsenhor Linofn Monteiro Barbosa<br \/>\n1962 \u2013 Pe. Stanislau, CP<br \/>\n1962 a 1964 \u2013 Pe. Guilherme, CP<br \/>\n1964 a 1970 \u2013 Pe. Carlos Mols<br \/>\n1971 a 1972 \u2013 Pe. Francisco Neves<br \/>\n1973 a 1976 \u2013 Pe. Mathias Terstappen<br \/>\n1976 a 2001 \u2013 Pe. Corn\u00e9lio Boomaerts<br \/>\n2001 a 2005 \u2013 Pe. Carlos Arantes Gouv\u00eaa<br \/>\n2006 a 2007 \u2013 Pe. L\u00e1zaro Tadeu<br \/>\n2007 a 2009 \u2013 Pe. Jos\u00e9 Moreira de Souza<br \/>\n2009 a 2011 \u2013 Pe. Andr\u00e9 Luiz de P. Lico, MPS<br \/>\n2011 a 2013 \u2013 Pe. Carlos A. de Gouv\u00eaa<br \/>\n2013 a 2020 &#8211; Pe. Nilton Jos\u00e9 Novato<br \/>\n<\/li>\n<li id=\"sc-pane-2\">\n<p><strong>Capela Divino Esp\u00edrito Santo<\/strong><br \/>\nVila Serr\u00e2nea<br \/>\n<strong>Capela S\u00e3o Sebasti\u00e3o<\/strong><br \/>\nLar Vicentino<br \/>\n<\/li>\n<li id=\"sc-pane-3\">\n<strong>Comunidade Divino Pai Eterno<\/strong><br \/>\nC\u00f3rrego da Costa<br \/>\n<strong>Comunidade Santa Luzia<\/strong><br \/>\nCer\u00e2mica<\/p>\n<\/li><\/ul><\/div>\n<div class=\"sc-tabs-wrap\"><ul class=\"sc-tabs\"><li class=\"active\"><a href=\"#\" data-id=\"1\">COMUNIDADE RELIGIOSA<\/a><\/li><li><a href=\"#\" data-id=\"2\">DI\u00c1CONO PERMANENTE<\/a><\/li><\/ul><ul class=\"sc-tabs-panes\"><li id=\"sc-pane-1\" class=\"active\">\n<p><strong>Mosteiro Sacramento de Amor<br \/>\nMonjas Filhas da Pobreza do Sant\u00edssimo Sacramento<br \/>\n<\/strong>Ch\u00e1cara Santana \u2013 Caixa Postal, 07<br \/>\nCEP: 76.100-000<br \/>\nS\u00e3o Lu\u00eds de Montes Belos-GO<br \/>\nTel.: (64) 3671-1337<\/p>\n<\/li>\n<li id=\"sc-pane-2\">\n<p><strong>Di\u00e1cono Rosilei Ferreira das Neves<\/strong><\/p>\n<\/li><\/ul><\/div>[\/vc_column_text][\/vc_column][\/vc_row]\n","protected":false},"excerpt":{"rendered":"<p>[vc_row 0=&#8221;&#8221;][vc_column][vc_column_text 0=&#8221;&#8221;] [\/vc_column_text][\/vc_column][\/vc_row]<\/p>\n","protected":false},"author":2,"featured_media":8664,"parent":0,"menu_order":0,"comment_status":"closed","ping_status":"closed","template":"","meta":{"ub_ctt_via":"","footnotes":""},"class_list":["post-15875","page","type-page","status-publish","has-post-thumbnail"],"featured_image_src":"https:\/\/www.diocesesaoluis.org.br\/home\/wp-content\/uploads\/2020\/05\/408723_2953155603502_699520240_n-640x360-1.jpg","_links":{"self":[{"href":"https:\/\/www.diocesesaoluis.org.br\/home\/wp-json\/wp\/v2\/pages\/15875","targetHints":{"allow":["GET"]}}],"collection":[{"href":"https:\/\/www.diocesesaoluis.org.br\/home\/wp-json\/wp\/v2\/pages"}],"about":[{"href":"https:\/\/www.diocesesaoluis.org.br\/home\/wp-json\/wp\/v2\/types\/page"}],"author":[{"embeddable":true,"href":"https:\/\/www.diocesesaoluis.org.br\/home\/wp-json\/wp\/v2\/users\/2"}],"replies":[{"embeddable":true,"href":"https:\/\/www.diocesesaoluis.org.br\/home\/wp-json\/wp\/v2\/comments?post=15875"}],"version-history":[{"count":3,"href":"https:\/\/www.diocesesaoluis.org.br\/home\/wp-json\/wp\/v2\/pages\/15875\/revisions"}],"predecessor-version":[{"id":15889,"href":"https:\/\/www.diocesesaoluis.org.br\/home\/wp-json\/wp\/v2\/pages\/15875\/revisions\/15889"}],"wp:featuredmedia":[{"embeddable":true,"href":"https:\/\/www.diocesesaoluis.org.br\/home\/wp-json\/wp\/v2\/media\/8664"}],"wp:attachment":[{"href":"https:\/\/www.diocesesaoluis.org.br\/home\/wp-json\/wp\/v2\/media?parent=15875"}],"curies":[{"name":"wp","href":"https:\/\/api.w.org\/{rel}","templated":true}]}}