{"id":15682,"date":"2023-02-03T12:00:43","date_gmt":"2023-02-03T15:00:43","guid":{"rendered":"https:\/\/www.diocesesaoluis.org.br\/home\/?page_id=15682"},"modified":"2024-07-15T16:56:51","modified_gmt":"2024-07-15T19:56:51","slug":"paroquia-senhor-bom-jesus-aragarcas","status":"publish","type":"page","link":"https:\/\/www.diocesesaoluis.org.br\/home\/paroquia-senhor-bom-jesus-aragarcas\/","title":{"rendered":"Par\u00f3quia Senhor Bom Jesus &#8211; Aragar\u00e7as"},"content":{"rendered":"[vc_row 0=&#8221;&#8221;][vc_column][vc_column_text 0=&#8221;&#8221;]<div class=\"sc-tabs-wrap\"><ul class=\"sc-tabs\"><li class=\"active\"><a href=\"#\" data-id=\"1\">Dados da par\u00f3quia<\/a><\/li><li><a href=\"#\" data-id=\"2\">Administra\u00e7\u00e3o<\/a><\/li><li><a href=\"#\" data-id=\"3\">Casa Paroquial<\/a><\/li><li><a href=\"#\" data-id=\"4\">Secretaria<\/a><\/li><\/ul><ul class=\"sc-tabs-panes\"><li id=\"sc-pane-1\" class=\"active\"><p>Data da Funda\u00e7\u00e3o: 03\/05\/1962<br \/>\nCNPJ: 01.226.927\/0006-11<br \/>\nPopula\u00e7\u00e3o: 19.736 hab.<br \/>\nDist\u00e2ncia da sede: 270 km<\/p>\n<\/li>\n<li id=\"sc-pane-2\">\n<p><strong>P\u00c1ROCO<br \/>\n<\/strong>Pe. Laurito Nazar\u00e9 Alves Deliberto<\/p>\n<\/li>\n<li id=\"sc-pane-3\">\n<p>Rua Osvaldo Assis Pimentel, 668<br \/>\nSetor Araguaia<br \/>\nCEP: 76.240-000<\/p>\n<\/li>\n<li id=\"sc-pane-4\">\n<p>Rua Luiz R. Magalh\u00e3es, 292<br \/>\nSetor Araguaia &#8211; Aragar\u00e7as<br \/>\nTel.: (64) 3638-1563<br \/>\nE-mail: paroquiasenhorbomjesus@yahoo.com.br<\/p>\n<\/li><\/ul><\/div>\n<div class=\"sc-tabs-wrap\"><ul class=\"sc-tabs\"><li class=\"active\"><a href=\"#\" data-id=\"1\">P\u00c1ROCOS\/VIG\u00c1RIOS ANTERIORES<\/a><\/li><li><a href=\"#\" data-id=\"2\">COMUNIDADES URBANAS<\/a><\/li><li><a href=\"#\" data-id=\"3\">COMUNIDADES RURAIS<\/a><\/li><li><a href=\"#\" data-id=\"4\">COMUNIDADES RELIGIOSAS<\/a><\/li><\/ul><ul class=\"sc-tabs-panes\"><li id=\"sc-pane-1\" class=\"active\"><p>1962 a 1994 \u2013 Pe. Vicente Tobben, CP.<br \/>\n1996 a 2002 \u2013 Pe. Jos\u00e9 Moreira de Souza<br \/>\n2003 a 2005 \u2013 Pe. Dionivaldo Rosa Pires<br \/>\n2006 a 2007 \u2013 Pe. Messias Paes de Ara\u00fajo<br \/>\n2007 \u2013 Pe. Mariosan de Sousa Marques<br \/>\n2008 \u2013 Pe. Jo\u00e3o Carlos Alves de Godoi<br \/>\n2008 a 2013 \u2013 Pe. Nilton Jos\u00e9 Novato<br \/>\n2013 a 2014 \u2013 Pe. Gibrail Walendorff<br \/>\n2014 a 2018 \u2013 Pe. Josimar Jos\u00e9 dos Santos<br \/>\n2018 a 2023 &#8211; Pe. Fernando Rosa dos Santos<br \/>\n2023 a 2024 &#8211; Pe. Neilton Mendes de Souza<\/p>\n<\/li>\n<li id=\"sc-pane-2\">\n<p><strong>Comunidade S\u00e3o Judas Tadeu<br \/>\n<\/strong>Rua Francisco Albuquerque Milhomem, 06<br \/>\nBairro Cear\u00e1 \u2013 Aragar\u00e7as-GO<\/p>\n<p><strong>Comunidade Nossa Senhora Aparecida<br \/>\n<\/strong>Rua Josephina Balestero,<br \/>\nBairro Nova Esperan\u00e7a \u2013 Aragar\u00e7as-GO<\/p>\n<p><strong>Comunidade Sagrado Cora\u00e7\u00e3o de Jesus e Santa Maria Goretti<br \/>\n<\/strong>Rua Waldir Maciel Matos,<br \/>\nBairro Bela Vista \u2013 Aragar\u00e7as-GO<\/p>\n<p><strong>Comunidade Divino Pai Eterno<br \/>\n<\/strong>Rua Bernardo do Vale,<br \/>\nBairro Uni\u00e3o \u2013 Aragar\u00e7as-GO<\/p>\n<p><strong>Comunidade S\u00e3o Sebasti\u00e3o<br \/>\n<\/strong>Rua Ant\u00f4nio Carlos Paneago<br \/>\nSetor Nova Esperan\u00e7a \u2013 Aragar\u00e7as-GO<\/p>\n<p><strong>Comunidade Nossa Senhora das Gra\u00e7as<br \/>\n<\/strong>Rua Maria In\u00eas Pereira<br \/>\nBairro Jardim das Primaveras \u2013 Aragar\u00e7as-GO<\/p>\n<p><strong>Comunidade Santa Luzia<br \/>\n<\/strong>Rua Minervino Machado<br \/>\nBairro Santa Luzia \u2013 Aragar\u00e7as-GO<\/p>\n<p><strong>Comunidade S\u00e3o Bento<br \/>\n<\/strong>Lar da Provid\u00eancia \u2013 Rua Apolin\u00e1rio Jos\u00e9 Burjack<br \/>\nBairro Cear\u00e1 \u2013 Aragar\u00e7as-GO<\/p>\n<p><strong>Comunidade M\u00e3e da Divina Provid\u00eancia<br \/>\n<\/strong>Rua Jos\u00e9 Diniz Sobrinho<br \/>\nBairro Jos\u00e9 Divino Bispo \u2013 Aragar\u00e7as-GO<\/p>\n<p><strong>Comunidade S\u00e3o Jos\u00e9<br \/>\n<\/strong><span style=\"font-size: inherit;\">Bairro Jardim das Palmeiras e Novo Mundo \u2013 Aragar\u00e7as-GO<\/span><\/p>\n<\/li>\n<li id=\"sc-pane-3\">\n<p><strong>Comunidade S\u00e3o Pedro<br \/>\n<\/strong>Km 20, Br 158<\/p>\n<p><strong>Comunidade Santo Expedito<br \/>\n<\/strong>Assentamento Pequena Vanessa<\/p>\n<\/li>\n<li id=\"sc-pane-4\">\n<p><strong>Irm\u00e3s Beneditinas da Divina Provid\u00eancia &#8211; Lar da Provid\u00eancia<br \/>\n<\/strong>Rua Apolin\u00e1rio Pereira Burjack, 1359<br \/>\nSetor Cear\u00e1 &#8211; Aragar\u00e7as<br \/>\nTel.: (64) 3638-1211<\/p>\n<p><strong>Irm\u00e3s Mission\u00e1rias Claretianas &#8211; Creche S\u00e3o Judas Tadeu<br \/>\n<\/strong>Av. Francisco Albuquerque Milhomem, 512<br \/>\nTel.: (64) 3638-1630<\/p>\n<\/li><\/ul><\/div>[\/vc_column_text][\/vc_column][\/vc_row]\n","protected":false},"excerpt":{"rendered":"<p>[vc_row 0=&#8221;&#8221;][vc_column][vc_column_text 0=&#8221;&#8221;] [\/vc_column_text][\/vc_column][\/vc_row]<\/p>\n","protected":false},"author":2,"featured_media":9715,"parent":0,"menu_order":0,"comment_status":"closed","ping_status":"closed","template":"","meta":{"ub_ctt_via":"","footnotes":""},"class_list":["post-15682","page","type-page","status-publish","has-post-thumbnail"],"featured_image_src":"https:\/\/www.diocesesaoluis.org.br\/home\/wp-content\/uploads\/2020\/06\/FB_IMG_1555359848912.jpg","_links":{"self":[{"href":"https:\/\/www.diocesesaoluis.org.br\/home\/wp-json\/wp\/v2\/pages\/15682","targetHints":{"allow":["GET"]}}],"collection":[{"href":"https:\/\/www.diocesesaoluis.org.br\/home\/wp-json\/wp\/v2\/pages"}],"about":[{"href":"https:\/\/www.diocesesaoluis.org.br\/home\/wp-json\/wp\/v2\/types\/page"}],"author":[{"embeddable":true,"href":"https:\/\/www.diocesesaoluis.org.br\/home\/wp-json\/wp\/v2\/users\/2"}],"replies":[{"embeddable":true,"href":"https:\/\/www.diocesesaoluis.org.br\/home\/wp-json\/wp\/v2\/comments?post=15682"}],"version-history":[{"count":10,"href":"https:\/\/www.diocesesaoluis.org.br\/home\/wp-json\/wp\/v2\/pages\/15682\/revisions"}],"predecessor-version":[{"id":17694,"href":"https:\/\/www.diocesesaoluis.org.br\/home\/wp-json\/wp\/v2\/pages\/15682\/revisions\/17694"}],"wp:featuredmedia":[{"embeddable":true,"href":"https:\/\/www.diocesesaoluis.org.br\/home\/wp-json\/wp\/v2\/media\/9715"}],"wp:attachment":[{"href":"https:\/\/www.diocesesaoluis.org.br\/home\/wp-json\/wp\/v2\/media?parent=15682"}],"curies":[{"name":"wp","href":"https:\/\/api.w.org\/{rel}","templated":true}]}}