{"id":15635,"date":"2023-01-24T15:21:55","date_gmt":"2023-01-24T18:21:55","guid":{"rendered":"https:\/\/www.diocesesaoluis.org.br\/home\/?page_id=15635"},"modified":"2023-01-24T15:26:03","modified_gmt":"2023-01-24T18:26:03","slug":"pastoral-catequetica","status":"publish","type":"page","link":"https:\/\/www.diocesesaoluis.org.br\/home\/pastoral-catequetica\/","title":{"rendered":"Pastoral Catequ\u00e9tica"},"content":{"rendered":"[vc_row]\n[vc_row_inner][vc_column_inner width=&#8221;3\/3&#8243;]\n\r\n<div class=\"block-wrap term-wrap-398\">\r\n\t\r\n\t\t\t\r\n\t\t<h4 class=\"section-head cf cat-border-398\">\r\n\t\t\t<span class=\"title\"><a href=\"https:\/\/www.diocesesaoluis.org.br\/home\/category\/pastoral-catequetica\/\">Pastoral Catequ\u00e9tica<\/a><\/span>\r\n\t\t\t\r\n\t\t\t\t\t\t\t<a href=\"https:\/\/www.diocesesaoluis.org.br\/home\/category\/pastoral-catequetica\/\" class=\"more\">View all <i class=\"fa fa-caret-right\"><\/i><\/a>\r\n\t\t\t\t\t\t\r\n\t\t\t\t\t\r\n\t\t\t\t\t<\/h4>\r\n\r\n\t\t\r\n\t\t\r\n\t\t\t\r\n\t\r\n\t<div class=\"ts-row posts-grid listing-grid grid-3 \">\r\n\t\t\r\n\t\t\t\t\t\r\n\t\t<div class=\"column one-third\">\r\n\t\t\r\n\t\t\t<article class=\"post-15648 post type-post status-publish format-standard has-post-thumbnail category-bispo-diocesano category-pastoral-catequetica tag-pastoral-catequetica\" itemscope itemtype=\"http:\/\/schema.org\/Article\">\r\n\t\t\t\t\r\n\t\t\t\t<a href=\"https:\/\/www.diocesesaoluis.org.br\/home\/2023\/01\/24\/coordenacao-do-departamento-de-catequese-se-reune-para-o-direcionamento-do-ano\/\" class=\"image-link\">\r\n\t\t\t\t\t<img loading=\"lazy\" decoding=\"async\" width=\"359\" height=\"201\" src=\"https:\/\/www.diocesesaoluis.org.br\/home\/wp-content\/uploads\/2023\/01\/IMG-20230124-WA0017-359x201.jpg\" class=\"image wp-post-image\" alt=\"\" title=\"Coordena\u00e7\u00e3o do Departamento de Catequese se re\u00fane para o direcionamento do ano\" itemprop=\"image\" \/>\t\t\t\t\t\r\n\t\t\t\t\t\t\t\t<span class=\"image-overlay\"><\/span>\r\n\t\t\t\r\n\t\t\t<span class=\"meta-overlay\">\r\n\t\t\t\t<span class=\"meta\">\r\n\t\t\t\t\r\n\t\t\t\t<span class=\"post-format \"><i class=\"fa fa-file-text-o\"><\/i><\/span>\r\n\t\t\t\t\r\n\t\t\t\t<\/span>\r\n\t\t\t<\/span>\r\n\t\t\t\t\t\t<\/a>\r\n\t\t\t\t\r\n\t\t\t\t<div class=\"meta\">\r\n\r\n\t\t\t\t\t<span class=\"listing-meta\"><a href=\"https:\/\/www.diocesesaoluis.org.br\/home\/category\/bispo-diocesano\/\" class=\"category main-color cat-color-6\">Bispo Diocesano<\/a><time datetime=\"\" itemprop=\"datePublished\"><\/time><\/span>\t\t\t\t\t\t\r\n\t\t\t\t\t\t\t\t<a href=\"https:\/\/www.diocesesaoluis.org.br\/home\/2023\/01\/24\/coordenacao-do-departamento-de-catequese-se-reune-para-o-direcionamento-do-ano\/#respond\"><span class=\"comment-count\">0<\/span><\/a>\r\n\t\t\t\t\t\t\t\r\n\t\t\t\t<\/div>\r\n\t\t\t\t\r\n\t\t\t\t<h2 itemprop=\"name\"><a href=\"https:\/\/www.diocesesaoluis.org.br\/home\/2023\/01\/24\/coordenacao-do-departamento-de-catequese-se-reune-para-o-direcionamento-do-ano\/\" itemprop=\"url\" class=\"post-link\">Coordena\u00e7\u00e3o do Departamento de Catequese se re\u00fane para o direcionamento do ano<\/a><\/h2>\r\n\t\t\t\t\r\n\t\t\t\t<div class=\"excerpt text-font\"><p><span class=\"read-more arrow\"><a href=\"https:\/\/www.diocesesaoluis.org.br\/home\/2023\/01\/24\/coordenacao-do-departamento-de-catequese-se-reune-para-o-direcionamento-do-ano\/\" title=\"Read More\">&rarr;<\/a><\/span><\/p>\n<\/div>\r\n\t\t\t\r\n\t\t\t<\/article>\r\n\t\t<\/div>\r\n\t\t\t\r\n\t\t\t\t\t\r\n\t\t<div class=\"column one-third\">\r\n\t\t\r\n\t\t\t<article class=\"post-15631 post type-post status-publish format-standard has-post-thumbnail category-pastoral-catequetica tag-pastoral-catequetica\" itemscope itemtype=\"http:\/\/schema.org\/Article\">\r\n\t\t\t\t\r\n\t\t\t\t<a href=\"https:\/\/www.diocesesaoluis.org.br\/home\/2023\/01\/24\/calendario-de-formacoes-para-o-primeiro-semestre\/\" class=\"image-link\">\r\n\t\t\t\t\t<img loading=\"lazy\" decoding=\"async\" width=\"359\" height=\"201\" src=\"https:\/\/www.diocesesaoluis.org.br\/home\/wp-content\/uploads\/2023\/01\/3b3356b2-cb95-4735-9bad-65ddbb22a205-359x201.jpg\" class=\"image wp-post-image\" alt=\"\" title=\"Calend\u00e1rio de forma\u00e7\u00f5es para o primeiro semestre\" itemprop=\"image\" \/>\t\t\t\t\t\r\n\t\t\t\t\t\t\t\t<span class=\"image-overlay\"><\/span>\r\n\t\t\t\r\n\t\t\t<span class=\"meta-overlay\">\r\n\t\t\t\t<span class=\"meta\">\r\n\t\t\t\t\r\n\t\t\t\t<span class=\"post-format \"><i class=\"fa fa-file-text-o\"><\/i><\/span>\r\n\t\t\t\t\r\n\t\t\t\t<\/span>\r\n\t\t\t<\/span>\r\n\t\t\t\t\t\t<\/a>\r\n\t\t\t\t\r\n\t\t\t\t<div class=\"meta\">\r\n\r\n\t\t\t\t\t<span class=\"listing-meta\"><a href=\"https:\/\/www.diocesesaoluis.org.br\/home\/category\/pastoral-catequetica\/\" class=\"category main-color cat-color-398\">Pastoral Catequ\u00e9tica<\/a><time datetime=\"\" itemprop=\"datePublished\"><\/time><\/span>\t\t\t\t\t\t\r\n\t\t\t\t\t\t\t\t<a href=\"https:\/\/www.diocesesaoluis.org.br\/home\/2023\/01\/24\/calendario-de-formacoes-para-o-primeiro-semestre\/#respond\"><span class=\"comment-count\">0<\/span><\/a>\r\n\t\t\t\t\t\t\t\r\n\t\t\t\t<\/div>\r\n\t\t\t\t\r\n\t\t\t\t<h2 itemprop=\"name\"><a href=\"https:\/\/www.diocesesaoluis.org.br\/home\/2023\/01\/24\/calendario-de-formacoes-para-o-primeiro-semestre\/\" itemprop=\"url\" class=\"post-link\">Calend\u00e1rio de forma\u00e7\u00f5es para o primeiro semestre<\/a><\/h2>\r\n\t\t\t\t\r\n\t\t\t\t<div class=\"excerpt text-font\"><p><span class=\"read-more arrow\"><a href=\"https:\/\/www.diocesesaoluis.org.br\/home\/2023\/01\/24\/calendario-de-formacoes-para-o-primeiro-semestre\/\" title=\"Read More\">&rarr;<\/a><\/span><\/p>\n<\/div>\r\n\t\t\t\r\n\t\t\t<\/article>\r\n\t\t<\/div>\r\n\t\t\t\r\n\t\t\t\t\t\t\r\n\t<\/div>\r\n\t\r\n\t\r\n\t\t\r\n\r\n\t\r\n\r\n\r\n\r\n<\/div>\r\n[\/vc_column_inner][\/vc_row_inner]\n[\/vc_row]\n","protected":false},"excerpt":{"rendered":"<p>[vc_row] [vc_row_inner][vc_column_inner width=&#8221;3\/3&#8243;] [\/vc_column_inner][\/vc_row_inner] [\/vc_row]<\/p>\n","protected":false},"author":2,"featured_media":0,"parent":0,"menu_order":0,"comment_status":"closed","ping_status":"closed","template":"","meta":{"ub_ctt_via":"","footnotes":""},"class_list":["post-15635","page","type-page","status-publish"],"featured_image_src":null,"_links":{"self":[{"href":"https:\/\/www.diocesesaoluis.org.br\/home\/wp-json\/wp\/v2\/pages\/15635","targetHints":{"allow":["GET"]}}],"collection":[{"href":"https:\/\/www.diocesesaoluis.org.br\/home\/wp-json\/wp\/v2\/pages"}],"about":[{"href":"https:\/\/www.diocesesaoluis.org.br\/home\/wp-json\/wp\/v2\/types\/page"}],"author":[{"embeddable":true,"href":"https:\/\/www.diocesesaoluis.org.br\/home\/wp-json\/wp\/v2\/users\/2"}],"replies":[{"embeddable":true,"href":"https:\/\/www.diocesesaoluis.org.br\/home\/wp-json\/wp\/v2\/comments?post=15635"}],"version-history":[{"count":3,"href":"https:\/\/www.diocesesaoluis.org.br\/home\/wp-json\/wp\/v2\/pages\/15635\/revisions"}],"predecessor-version":[{"id":15640,"href":"https:\/\/www.diocesesaoluis.org.br\/home\/wp-json\/wp\/v2\/pages\/15635\/revisions\/15640"}],"wp:attachment":[{"href":"https:\/\/www.diocesesaoluis.org.br\/home\/wp-json\/wp\/v2\/media?parent=15635"}],"curies":[{"name":"wp","href":"https:\/\/api.w.org\/{rel}","templated":true}]}}