{"id":14783,"date":"2022-06-24T21:14:52","date_gmt":"2022-06-25T00:14:52","guid":{"rendered":"https:\/\/www.diocesesaoluis.org.br\/home\/?page_id=14783"},"modified":"2024-08-29T23:00:23","modified_gmt":"2024-08-30T02:00:23","slug":"conselho-diocesano-de-pastoral","status":"publish","type":"page","link":"https:\/\/www.diocesesaoluis.org.br\/home\/conselho-diocesano-de-pastoral\/","title":{"rendered":"Conselho Diocesano de Pastoral e Miss\u00e3o"},"content":{"rendered":"\n<p><strong>Dom Lindomar Rocha Mota<\/strong> \u2013 Bispo Diocesano<br><strong>Pe. Ozaine Cardoso Vilela<\/strong> &#8211; Vig\u00e1rio Geral <br><strong>Pe. Dionivaldo Rosa Pires<\/strong> &#8211; Coord. diocesano de Pastoral<br><strong>Pe. Manoel Rejane Viana<\/strong> &#8211; Vig\u00e1rio for\u00e2neo da Forania Nossa Senhora Aparecida<br><strong>Pe. Nilton Jos\u00e9 Novato<\/strong> &#8211; Vig\u00e1rio for\u00e2neo da Forania S\u00e3o Sebasti\u00e3o e coord. diocesano da Pastoral do D\u00edzimo<br><strong>Pe. Tarc\u00edlio Jos\u00e9 da Maia, CP.<\/strong> &#8211; Vig\u00e1rio for\u00e2neo da Forania S\u00e3o Paulo da Cruz<br><strong>Pe. Marcus Vin\u00edcius Alves Santiago<\/strong> &#8211; Vig\u00e1rio for\u00e2neo da Forania S\u00e3o Lu\u00eds Gonzaga<br><strong>Pe. Augusto Manoel e sra. Erenice Souza<\/strong> &#8211; coordenadores do departamento Diocesano de Catequese<br><strong>Pe. Luiz Carlos F. Braga J\u00fanior<\/strong> &#8211; coordenador diocesano da Pastoral Familiar<br><strong>Pe. Geraldo Pereira Neto<\/strong> &#8211; coordenador diocesano da Pastoral Juvenil<br><strong>Leigos representantes de cada Forania<\/strong>:<br>Ademir Manoel dos Santos<br>Ana Paula Francisca da Silva<br>Ben\u00ed Silva Floriano<br>Edmilton Jos\u00e9 de Lima<br>Lucimar Pereira Borges Barros<br>Manoel Divino Francisco Viana<br>Mariza C\u00e2ndida de Jesus<br>Orlando Silva Melo<br>Roberta Dias Faria Garcia<br>Uvalter Aparecido Leite<br>Di\u00e1c. Renato Ferreira<br>Rachel Mariano Nascimento Salvino<br><\/p>\n","protected":false},"excerpt":{"rendered":"<p>Dom Lindomar Rocha Mota \u2013 Bispo DiocesanoPe. Ozaine Cardoso Vilela &#8211; Vig\u00e1rio Geral Pe. Dionivaldo Rosa Pires &#8211; Coord. diocesano de PastoralPe. Manoel Rejane Viana &#8211; Vig\u00e1rio for\u00e2neo da Forania Nossa Senhora AparecidaPe. Nilton Jos\u00e9 Novato &#8211; Vig\u00e1rio for\u00e2neo da Forania S\u00e3o Sebasti\u00e3o e coord. diocesano da Pastoral do D\u00edzimoPe. Tarc\u00edlio Jos\u00e9 da Maia, CP.<span class=\"read-more arrow\"><a href=\"https:\/\/www.diocesesaoluis.org.br\/home\/conselho-diocesano-de-pastoral\/\" title=\"Read More\">&rarr;<\/a><\/span><\/p>\n","protected":false},"author":2,"featured_media":0,"parent":0,"menu_order":0,"comment_status":"closed","ping_status":"closed","template":"","meta":{"ub_ctt_via":"","footnotes":""},"class_list":["post-14783","page","type-page","status-publish"],"featured_image_src":null,"_links":{"self":[{"href":"https:\/\/www.diocesesaoluis.org.br\/home\/wp-json\/wp\/v2\/pages\/14783","targetHints":{"allow":["GET"]}}],"collection":[{"href":"https:\/\/www.diocesesaoluis.org.br\/home\/wp-json\/wp\/v2\/pages"}],"about":[{"href":"https:\/\/www.diocesesaoluis.org.br\/home\/wp-json\/wp\/v2\/types\/page"}],"author":[{"embeddable":true,"href":"https:\/\/www.diocesesaoluis.org.br\/home\/wp-json\/wp\/v2\/users\/2"}],"replies":[{"embeddable":true,"href":"https:\/\/www.diocesesaoluis.org.br\/home\/wp-json\/wp\/v2\/comments?post=14783"}],"version-history":[{"count":10,"href":"https:\/\/www.diocesesaoluis.org.br\/home\/wp-json\/wp\/v2\/pages\/14783\/revisions"}],"predecessor-version":[{"id":17976,"href":"https:\/\/www.diocesesaoluis.org.br\/home\/wp-json\/wp\/v2\/pages\/14783\/revisions\/17976"}],"wp:attachment":[{"href":"https:\/\/www.diocesesaoluis.org.br\/home\/wp-json\/wp\/v2\/media?parent=14783"}],"curies":[{"name":"wp","href":"https:\/\/api.w.org\/{rel}","templated":true}]}}